s the units digit of 883?
3
What is the hundreds digit of 10327?
3
What is the tens digit of 885?
8
What is the tens digit of 2016?
1
What is the tens digit of 1448?
4
What is the hundreds digit of 823?
8
What is the units digit of 401?
1
What is the units digit of 697?
7
What is the tens digit of 1276?
7
What is the tens digit of 3083?
8
What is the thousands digit of 40465?
0
What is the units digit of 92591?
1
What is the tens digit of 99965?
6
What is the tens digit of 366?
6
What is the tens digit of 879?
7
What is the tens digit of 2185?
8
What is the tens digit of 438?
3
What is the units digit of 584?
4
What is the thousands digit of 11186?
1
What is the tens digit of 1004?
0
What is the units digit of 258?
8
What is the thousands digit of 22555?
2
What is the ten thousands digit of 17858?
1
What is the tens digit of 894?
9
What is the tens digit of 2679?
7
What is the tens digit of 386?
8
What is the hundreds digit of 5858?
8
What is the thousands digit of 23105?
3
What is the ten thousands digit of 18072?
1
What is the hundreds digit of 68416?
4
What is the thousands digit of 3881?
3
What is the thousands digit of 8012?
8
What is the hundreds digit of 74351?
3
What is the thousands digit of 4439?
4
What is the units digit of 6567?
7
What is the thousands digit of 2807?
2
What is the tens digit of 141?
4
What is the tens digit of 2328?
2
What is the units digit of 491?
1
What is the units digit of 836?
6
What is the units digit of 92?
2
What is the thousands digit of 17355?
7
What is the units digit of 702?
2
What is the hundreds digit of 1729?
7
What is the tens digit of 8707?
0
What is the tens digit of 1743?
4
What is the tens digit of 4008?
0
What is the thousands digit of 1840?
1
What is the units digit of 189?
9
What is the tens digit of 93677?
7
What is the tens digit of 25041?
4
What is the ten thousands digit of 33086?
3
What is the thousands digit of 14155?
4
What is the units digit of 2228?
8
What is the units digit of 1015?
5
What is the thousands digit of 30004?
0
What is the ten thousands digit of 72394?
7
What is the hundreds digit of 23565?
5
What is the tens digit of 5458?
5
What is the ten thousands digit of 64721?
6
What is the units digit of 447?
7
What is the hundreds digit of 1986?
9
What is the tens digit of 2061?
6
What is the tens digit of 2283?
8
What is the hundreds digit of 797?
7
What is the hundreds digit of 837?
8
What is the thousands digit of 44755?
4
What is the units digit of 32?
2
What is the thousands digit of 105502?
5
What is the hundreds digit of 18083?
0
What is the ten thousands digit of 71680?
7
What is the units digit of 15347?
7
What is the tens digit of 4802?
0
What is the hundreds digit of 44662?
6
What is the hundreds digit of 67780?
7
What is the tens digit of 4101?
0
What is the tens digit of 4093?
9
What is the units digit of 484?
4
What is the units digit of 9133?
3
What is the thousands digit of 6287?
6
What is the tens digit of 3017?
1
What is the hundreds digit of 215?
2
What is the ten thousands digit of 56822?
5
What is the tens digit of 1323?
2
What is the tens digit of 7816?
1
What is the tens digit of 937?
3
What is the tens digit of 72?
7
What is the tens digit of 3652?
5
What is the ten thousands digit of 69902?
6
What is the units digit of 621?
1
What is the ten thousands digit of 33033?
3
What is the units digit of 113?
3
What is the thousands digit of 25396?
5
What is the tens digit of 738?
3
What is the units digit of 43?
3
What is the thousands digit of 77406?
7
What is the units digit of 4444?
4
What is the tens digit of 1585?
8
What is the thousands digit of 13131?
3
What is the units digit of 3362?
2
What is the units digit of 22983?
3
What is the hundreds digit of 4345?
3
What is the hundreds digit of 344?
3
What is the units digit of 8062?
2
What is the thousands digit of 1172?
1
What is the units digit of 1685?
5
What is the hundreds digit of 2376?
3
What is the hundreds digit of 1057?
0
What is the hundreds digit of 7443?
4
What is the units digit of 9624?
4
What is the units digit of 323?
3
What is the units digit of 150309?
9
What is the tens digit of 25826?
2
What is the tens digit of 232?
3
What is the units digit of 639?
9
What is the thousands digit of 4149?
4
What is the tens digit of 5595?
9
What is the units digit of 689?
9
What is the ten thousands digit of 20061?
2
What is the thousands digit of 36582?
6
What is the tens digit of 2099?
9
What is the tens digit of 1496?
9
What is the tens digit of 10483?
8
What is the thousands digit of 12781?
2
What is the ten thousands digit of 48997?
4
What is the units digit of 452?
2
What is the tens digit of 80?
8
What is the hundreds digit of 3546?
5
What is the hundreds digit of 173?
1
What is the tens digit of 24237?
3
What is the units digit of 632?
2
What is the units digit of 1139?
9
What is the units digit of 13444?
4
What is the hundreds digit of 108000?
0
What is the tens digit of 8775?
7
What is the units digit of 147?
7
What is the hundreds digit of 146?
1
What is the units digit of 2346?
6
What is the tens digit of 2094?
9
What is the thousands digit of 20818?
0
What is the tens digit of 1060?
6
What is the thousands digit of 2203?
2
What is the units digit of 265?
5
What is the hundreds digit of 467?
4
What is the tens digit of 19471?
7
What is the units digit of 9775?
5
What is the tens digit of 4295?
9
What is the units digit of 674?
4
What is the units digit of 407?
7
What is the tens digit of 49140?
4
What is the hundreds digit of 11937?
9
What is the units digit of 5464?
4
What is the tens digit of 374?
7
What is the ten thousands digit of 13449?
1
What is the units digit of 55?
5
What is the ten thousands digit of 27302?
2
What is the tens digit of 100824?
2
What is the units digit of 10164?
4
What is the hundreds digit of 2601?
6
What is the hundreds digit of 999?
9
What is the units digit of 535?
5
What is the tens digit of 1861?
6
What is the units digit of 16552?
2
What is the tens digit of 255?
5
What is the thousands digit of 1321?
1
What is the tens digit of 2475?
7
What is the thousands digit of 6020?
6
What is the thousands digit of 2259?
2
What is the units digit of 6490?
0
What is the tens digit of 1812?
1
What is the units digit of 9224?
4
What is the units digit of 1170?
0
What is the units digit of 380?
0
What is the thousands digit of 4348?
4
What is the hundreds digit of 3255?
2
What is the hundreds digit of 1370?
3
What is the thousands digit of 8248?
8
What is the units digit of 9047?
7
What is the thousands digit of 16460?
6
What is the units digit of 155?
5
What is the tens digit of 3668?
6
What is the tens digit of 1371?
7
What is the tens digit of 4545?
4
What is the hundreds digit of 755?
7
What is the hundreds digit of 1238?
2
What is the units digit of 4780?
0
What is the tens digit of 922?
2
What is the tens digit of 3603?
0
What is the ten thousands digit of 11270?
1
What is the tens digit of 1578?
7
What is the tens digit of 216?
1
What is the ten thousands digit of 95177?
9
What is the tens digit of 2080?
8
What is the units digit of 175?
5
What is the thousands digit of 1704?
1
What is the ten thousands digit of 57302?
5
What is the thousands digit of 17788?
7
What is the ten thousands digit of 16359?
1
What is the units digit of 837?
7
What is the tens digit of 211?
1
What is the thousands digit of 9660?
9
What is the tens digit of 552?
5
What is the ten thousands digit of 87045?
8
What is the tens digit of 5398?
9
What is the tens digit of 3860?
6
What is the tens digit of 90478?
7
What is the hundreds digit of 4017?
0
What is the tens digit of 7560?
6
What is the hundreds digit of 100664?
6
What is the tens digit of 7715?
1
What is the units digit of 1701?
1
What is the tens digit of 987?
8
What is the tens digit of 2082?
8
What is the thousands digit of 43824?
3
What is the units digit of 3579?
9
What is the ten thousands digit of 41885?
4
What is the tens digit of 1187?
8
What is the hundreds digit of 23799?
7
What is the hundreds digit of 59031?
0
What is the units digit of 28257?
7
What is the units digit of 20605?
5
What is the hundreds digit of 2897?
8
What is the units digit of 40786?
6
What is the ten thousands digit of 22333?
2
What is the hundreds